f 7192.
2, 29, 31
List the prime factors of 20267.
13, 1559
What are the prime factors of 1494?
2, 3, 83
List the prime factors of 148.
2, 37
What are the prime factors of 118?
2, 59
What are the prime factors of 1861?
1861
List the prime factors of 152707.
79, 1933
What are the prime factors of 57420?
2, 3, 5, 11, 29
What are the prime factors of 14558?
2, 29, 251
List the prime factors of 40070.
2, 5, 4007
What are the prime factors of 4261?
4261
List the prime factors of 87463.
149, 587
List the prime factors of 2865.
3, 5, 191
List the prime factors of 25129.
13, 1933
What are the prime factors of 42265?
5, 79, 107
What are the prime factors of 73919?
193, 383
List the prime factors of 11123.
7, 227
What are the prime factors of 11240?
2, 5, 281
List the prime factors of 32637.
3, 11, 23, 43
List the prime factors of 1078.
2, 7, 11
What are the prime factors of 31900?
2, 5, 11, 29
What are the prime factors of 6433?
7, 919
What are the prime factors of 1509?
3, 503
What are the prime factors of 28672?
2, 7
What are the prime factors of 1625?
5, 13
List the prime factors of 4917.
3, 11, 149
List the prime factors of 5437.
5437
List the prime factors of 5035.
5, 19, 53
List the prime factors of 31017.
3, 7, 211
What are the prime factors of 1183?
7, 13
What are the prime factors of 7911?
3, 293
What are the prime factors of 4362?
2, 3, 727
List the prime factors of 2234.
2, 1117
List the prime factors of 20685.
3, 5, 7, 197
What are the prime factors of 15716?
2, 3929
List the prime factors of 1282.
2, 641
List the prime factors of 15544.
2, 29, 67
List the prime factors of 710.
2, 5, 71
What are the prime factors of 13696?
2, 107
What are the prime factors of 27692?
2, 7, 23, 43
What are the prime factors of 10664?
2, 31, 43
What are the prime factors of 43622?
2, 17, 1283
List the prime factors of 21151.
13, 1627
List the prime factors of 4782.
2, 3, 797
What are the prime factors of 16800?
2, 3, 5, 7
List the prime factors of 900.
2, 3, 5
What are the prime factors of 12776?
2, 1597
List the prime factors of 7834.
2, 3917
What are the prime factors of 1380?
2, 3, 5, 23
List the prime factors of 5440.
2, 5, 17
List the prime factors of 21204.
2, 3, 19, 31
What are the prime factors of 2768?
2, 173
What are the prime factors of 93246?
2, 3, 15541
What are the prime factors of 2618?
2, 7, 11, 17
What are the prime factors of 6743?
11, 613
What are the prime factors of 1302?
2, 3, 7, 31
List the prime factors of 692.
2, 173
What are the prime factors of 60385?
5, 13, 929
What are the prime factors of 2923?
37, 79
List the prime factors of 56931.
3, 7, 2711
What are the prime factors of 10968?
2, 3, 457
What are the prime factors of 36879?
3, 19, 647
What are the prime factors of 1831?
1831
List the prime factors of 790.
2, 5, 79
List the prime factors of 34737.
3, 11579
What are the prime factors of 5206?
2, 19, 137
List the prime factors of 40829.
40829
What are the prime factors of 4752?
2, 3, 11
List the prime factors of 112220.
2, 5, 31, 181
List the prime factors of 7686.
2, 3, 7, 61
What are the prime factors of 15098?
2, 7549
What are the prime factors of 1387?
19, 73
What are the prime factors of 67810?
2, 5, 6781
List the prime factors of 26066.
2, 13033
What are the prime factors of 713?
23, 31
List the prime factors of 4652.
2, 1163
List the prime factors of 47188.
2, 47, 251
List the prime factors of 970.
2, 5, 97
What are the prime factors of 4517?
4517
What are the prime factors of 1540?
2, 5, 7, 11
List the prime factors of 93277.
37, 2521
What are the prime factors of 1753?
1753
List the prime factors of 5390.
2, 5, 7, 11
What are the prime factors of 11976?
2, 3, 499
List the prime factors of 294.
2, 3, 7
List the prime factors of 10556.
2, 7, 13, 29
What are the prime factors of 111596?
2, 23, 1213
What are the prime factors of 1233?
3, 137
List the prime factors of 22535.
5, 4507
What are the prime factors of 4786?
2, 2393
What are the prime factors of 8879?
13, 683
List the prime factors of 18611.
37, 503
List the prime factors of 1006.
2, 503
What are the prime factors of 3669?
3, 1223
List the prime factors of 140779.
140779
What are the prime factors of 33496?
2, 53, 79
What are the prime factors of 81325?
5, 3253
What are the prime factors of 4609?
11, 419
List the prime factors of 17548.
2, 41, 107
What are the prime factors of 26100?
2, 3, 5, 29
List the prime factors of 14510.
2, 5, 1451
What are the prime factors of 4705?
5, 941
List the prime factors of 9164.
2, 29, 79
What are the prime factors of 733?
733
What are the prime factors of 5807?
5807
List the prime factors of 37987.
37987
List the prime factors of 1190.
2, 5, 7, 17
What are the prime factors of 10212?
2, 3, 23, 37
List the prime factors of 8445.
3, 5, 563
List the prime factors of 4176.
2, 3, 29
List the prime factors of 4703.
4703
What are the prime factors of 13976?
2, 1747
List the prime factors of 20630.
2, 5, 2063
List the prime factors of 139.
139
List the prime factors of 16994.
2, 29, 293
List the prime factors of 4200.
2, 3, 5, 7
List the prime factors of 1051.
1051
What are the prime factors of 6307?
7, 17, 53
List the prime factors of 243.
3
What are the prime factors of 104?
2, 13
List the prime factors of 366.
2, 3, 61
What are the prime factors of 113621?
113621
List the prime factors of 106.
2, 53
What are the prime factors of 46232?
2, 5779
List the prime factors of 27342.
2, 3, 7, 31
What are the prime factors of 28225?
5, 1129
What are the prime factors of 69747?
3, 67, 347
List the prime factors of 777.
3, 7, 37
List the prime factors of 18663.
3, 6221
What are the prime factors of 660?
2, 3, 5, 11
What are the prime factors of 40835?
5, 8167
List the prime factors of 5.
5
What are the prime factors of 1242?
2, 3, 23
List the prime factors of 42160.
2, 5, 17, 31
What are the prime factors of 215?
5, 43
List the prime factors of 900.
2, 3, 5
What are the prime factors of 8648?
2, 23, 47
List the prime factors of 2950.
2, 5, 59
What are the prime factors of 120962?
2, 31, 1951
List the prime factors of 2304.
2, 3
What are the prime factors of 12871?
61, 211
List the prime factors of 21291.
3, 47, 151
List the prime factors of 62846.
2, 7, 67
List the prime factors of 17.
17
What are the prime factors of 3068?
2, 13, 59
List the prime factors of 6896.
2, 431
List the prime factors of 18997.
11, 157
List the prime factors of 4262.
2, 2131
List the prime factors of 8480.
2, 5, 53
What are the prime factors of 720?
2, 3, 5
List the prime factors of 36252.
2, 3, 19, 53
What are the prime factors of 408?
2, 3, 17
List the prime factors of 16037.
7, 29, 79
List the prime factors of 83443.
83443
List the prime factors of 134238.
2, 3, 13, 1721
What are the prime factors of 10397?
37, 281
List the prime factors of 3325.
5, 7, 19
What are the prime factors of 16263?
3, 13, 139
What are the prime factors of 3565?
5, 23, 31
What are the prime factors of 22163?
37, 599
What are the prime factors of 80?
2, 5
What are the prime factors of 1054?
2, 17, 31
What are the prime factors of 1961?
37, 53
List the prime factors of 2435.
5, 487
List the prime factors of 109968.
2, 3, 29, 79
List the prime factors of 14360.
2, 5, 359
List the prime factors of 17352.
2, 3, 241
List the prime factors of 155355.
3, 5, 10357
What are the prime factors of 611?
13, 47
What are the prime factors of 7973?
7, 17, 67
What are the prime factors of 557?
557
List the prime factors of 4082.
2, 13, 157
List the prime factors of 474.
2, 3, 79
What are the prime factors of 15653?
11, 1423
List the prime factors of 4581.
3, 509
List the prime factors of 1380.
2, 3, 5, 23
What are the prime factors of 2856?
2, 3, 7, 17
List the prime factors of 623.
7, 89
What are the prime factors of 26925?
3, 5, 359
What are the prime factors of 19372?
2, 29, 167
What are the prime factors of 6032?
2, 13, 29
What are the prime factors of 649?
11, 59
List the prime factors of 53330.
2, 5, 5333
What are the prime factors of 81433?
11, 673
List the prime factors of 23263.
43, 541
List the prime factors of 1301.
1301
List the prime factors of 2375.
5, 19
List the prime factors of 6481.
6481
List the prime factors of 2936.
2, 367
List the prime factors of 4372.
2, 1093
List the prime factors 